{"id":453,"date":"2019-01-11T13:56:24","date_gmt":"2019-01-11T12:56:24","guid":{"rendered":"http:\/\/exosoul.disim.univaq.it\/?page_id=453"},"modified":"2019-01-11T14:08:55","modified_gmt":"2019-01-11T13:08:55","slug":"simone-gozzano","status":"publish","type":"page","link":"https:\/\/exosoul.disim.univaq.it\/?page_id=453","title":{"rendered":"Simone Gozzano"},"content":{"rendered":"\t\t<div data-elementor-type=\"wp-post\" data-elementor-id=\"453\" class=\"elementor elementor-453 elementor-bc-flex-widget\">\n\t\t\t\t\t\t<div class=\"elementor-inner\">\n\t\t\t\t<div class=\"elementor-section-wrap\">\n\t\t\t\t\t\t\t\t\t<section class=\"elementor-section elementor-top-section elementor-element elementor-element-01217e6 elementor-section-boxed elementor-section-height-default elementor-section-height-default\" data-id=\"01217e6\" data-element_type=\"section\">\n\t\t\t\t\t\t<div class=\"elementor-container elementor-column-gap-default\">\n\t\t\t\t\t\t\t<div class=\"elementor-row\">\n\t\t\t\t\t<div class=\"elementor-column elementor-col-100 elementor-top-column elementor-element elementor-element-a60f854\" data-id=\"a60f854\" data-element_type=\"column\">\n\t\t\t<div class=\"elementor-column-wrap elementor-element-populated\">\n\t\t\t\t\t\t\t<div class=\"elementor-widget-wrap\">\n\t\t\t\t\t\t<div class=\"elementor-element elementor-element-dcb1bc8 elementor-widget elementor-widget-text-editor\" data-id=\"dcb1bc8\" data-element_type=\"widget\" data-widget_type=\"text-editor.default\">\n\t\t\t\t<div class=\"elementor-widget-container\">\n\t\t\t\t\t\t\t\t<div class=\"elementor-text-editor elementor-clearfix\">\n\t\t\t\t<p><img decoding=\"async\" loading=\"lazy\" class=\"size-medium wp-image-448 alignright\" src=\"http:\/\/exosoul.disim.univaq.it\/wp-content\/uploads\/2019\/01\/gozzano-300x300.jpg\" alt=\"\" width=\"300\" height=\"300\" srcset=\"https:\/\/exosoul.disim.univaq.it\/wp-content\/uploads\/2019\/01\/gozzano-300x300.jpg 300w, https:\/\/exosoul.disim.univaq.it\/wp-content\/uploads\/2019\/01\/gozzano-150x150.jpg 150w, https:\/\/exosoul.disim.univaq.it\/wp-content\/uploads\/2019\/01\/gozzano.jpg 400w, https:\/\/exosoul.disim.univaq.it\/wp-content\/uploads\/2019\/01\/gozzano-230x230.jpg 230w, https:\/\/exosoul.disim.univaq.it\/wp-content\/uploads\/2019\/01\/gozzano-350x350.jpg 350w\" sizes=\"(max-width: 300px) 100vw, 300px\" \/>Simone Gozzano graduated in Rome \u201cLa Sapienza\u201d (Magna cum Laude), and got his Ph.D. at the University of Genoa (Highest rank). He has been visiting fellow at Tuft University and post-doc visiting scholar at Rutgers University. He was also Visiting professor at Durham (U.K.) and Erasmus Mundus Visiting Professor at the Universit\u00e9 de Li\u00e8g\u00e9 (Belgium). Presently he is full professor and dean of the Department of Humanities at the University of L\u2019Aquila. He has written 4 books with leading publishers in Italy, (Armando, Laterza, Utet, Carocci), has edited three books, (Editori Riuniti, Ontos Verlag, Cambridge University Press), and he is the author of more than 30 papers on international venues and about 50 papers on national venues (everything single-authored).<\/p><p>His main interests are in the Philosophy of Mind &#8211; the relation between thought and language, the architecture of the mind, types of epistemic states \u2013 and in Metaphysics \u2013 the mind-body problem, dispositions, the nature of properties.<\/p>\t\t\t\t\t<\/div>\n\t\t\t\t\t\t<\/div>\n\t\t\t\t<\/div>\n\t\t\t\t\t\t<\/div>\n\t\t\t\t\t<\/div>\n\t\t<\/div>\n\t\t\t\t\t\t\t\t<\/div>\n\t\t\t\t\t<\/div>\n\t\t<\/section>\n\t\t\t\t\t\t\t\t\t<\/div>\n\t\t\t<\/div>\n\t\t\t\t\t<\/div>\n\t\t","protected":false},"excerpt":{"rendered":"<p>Simone Gozzano graduated in Rome \u201cLa Sapienza\u201d (Magna cum Laude), and got his Ph.D. at the University of Genoa (Highest rank). He [&hellip;]<\/p>\n","protected":false},"author":1,"featured_media":0,"parent":0,"menu_order":0,"comment_status":"closed","ping_status":"closed","template":"page-templates\/page_fullwidth.php","meta":[],"_links":{"self":[{"href":"https:\/\/exosoul.disim.univaq.it\/index.php?rest_route=\/wp\/v2\/pages\/453"}],"collection":[{"href":"https:\/\/exosoul.disim.univaq.it\/index.php?rest_route=\/wp\/v2\/pages"}],"about":[{"href":"https:\/\/exosoul.disim.univaq.it\/index.php?rest_route=\/wp\/v2\/types\/page"}],"author":[{"embeddable":true,"href":"https:\/\/exosoul.disim.univaq.it\/index.php?rest_route=\/wp\/v2\/users\/1"}],"replies":[{"embeddable":true,"href":"https:\/\/exosoul.disim.univaq.it\/index.php?rest_route=%2Fwp%2Fv2%2Fcomments&post=453"}],"version-history":[{"count":5,"href":"https:\/\/exosoul.disim.univaq.it\/index.php?rest_route=\/wp\/v2\/pages\/453\/revisions"}],"predecessor-version":[{"id":466,"href":"https:\/\/exosoul.disim.univaq.it\/index.php?rest_route=\/wp\/v2\/pages\/453\/revisions\/466"}],"wp:attachment":[{"href":"https:\/\/exosoul.disim.univaq.it\/index.php?rest_route=%2Fwp%2Fv2%2Fmedia&parent=453"}],"curies":[{"name":"wp","href":"https:\/\/api.w.org\/{rel}","templated":true}]}}